e factors of k?
43
Let b = 33 + 19. List the prime factors of b.
2, 13
Suppose 4*q + 4*a - 332 = 0, -2*q + 3*a + 360 = 2*q. List the prime factors of q.
3, 29
Suppose 10 + 761 = 5*g + 3*w, 765 = 5*g + 5*w. What are the prime factors of g?
2, 3, 13
What are the prime factors of (-2)/(-4)*2*79?
79
Let s be 5*(-1)/(3/3). What are the prime factors of (-14)/s*5/2?
7
Suppose -y - 2*z + 11 = -4*z, 5*z = -10. Let p(j) = 3*j - 8. What are the prime factors of p(y)?
13
Suppose 2*f + 40 = 6*f. Suppose 2*h - f - 24 = 0. What are the prime factors of h?
17
Let r = -9 + 9. List the prime factors of (-50 - r)*5/(-10).
5
Let r(l) = l**2 + 10*l + 1. Let k be r(-10). Let i = 1 - k. Suppose -3*y - y + 48 = i. List the prime factors of y.
2, 3
Let k be (-3)/(-5) - (-206)/(-10). Let n = k - -34. What are the prime factors of n?
2, 7
Let i(z) = -3*z**2 + 4*z + 2. Let u(b) = 7*b - 4*b**2 + 1 - 3*b**2 + 4. Let o(y) = -5*i(y) + 2*u(y). What are the prime factors of o(7)?
7
Suppose -4*g + 5*j = -89, -3*g + 43 = 5*j - 15. Suppose 0*d = d + 5*w + 9, g = d - w. What are the prime factors of d?
2
Suppose 0 = f + d - 76, -14*d = f - 18*d - 101. List the prime factors of f.
3
Let n = 156 - 60. What are the prime factors of n?
2, 3
Let v = 47 + -69. Let n = v + 38. List the prime factors of (-4)/1*(-8)/n.
2
Let s(y) = -y + 8. Let a be s(-9). Suppose 4*m - 1 = -a. List the prime factors of 81/12 - (-3)/m.
2, 3
Let g(s) = -2*s**3 + s**2 + s - 1. Let v = 8 + -5. Let z be g(v). What are the prime factors of z/(-5) + (-12)/(-30)?
3
Let t(h) = h**3 - 9*h**2 + 8*h + 5. Let r be t(8). Suppose -r*y + 6 = -4, u - y = 15. List the prime factors of u.
17
Suppose 0 = -3*h + 2*h + 8. Suppose -a = -4*x + h - 0, -a + 4 = -x. List the prime factors of a.
2
Suppose 4*q + 5 + 3 = 0, 5*l - 3*q - 51 = 0. List the prime factors of l.
3
Let i = 22 + -1. Suppose 0 = -2*s + i + 9. List the prime factors of s.
3, 5
What are the prime factors of (-96)/(-9) - (-5)/15?
11
Suppose 11*d - 10*d = 54. What are the prime factors of d?
2, 3
Let z = 0 - -3. Suppose 1 + 3 = 4*g, -157 = -5*v + z*g. List the prime factors of v.
2
Suppose 0 = -2*t - t. Suppose -3*m - 3*y + t = -24, -4*y = 5*m - 42. What are the prime factors of m?
2, 5
Let f(o) = 13*o - 1. Let u be f(-1). Let i = u - -31. List the prime factors of i.
17
Let g be 204/10 + 22/(-55). Suppose -4*z = 2*k - 18, 3*k = 2*z + 7 - g. What are the prime factors of z?
5
Suppose 5*j = -3*m + 960, 0 = -4*j + m + 932 - 164. List the prime factors of j.
2, 3
What are the prime factors of ((-2270)/(-12) - 4) + (-2)/12?
5, 37
Let l be 2 + -2*1 + -3. Let r = l - -12. What are the prime factors of r?
3
List the prime factors of 3/(2 + 4) + (-467)/(-2).
2, 3, 13
Let k(o) = 3*o + o - o + 1. Let s be k(3). Let l = 16 - s. List the prime factors of l.
2, 3
Suppose 0 = p - 4*w - 29, 4*p = 2*w + 29 + 31. What are the prime factors of p?
13
Suppose 0 = 2*u + 4*g - 20, 2*u + u + 6 = 3*g. Let i be (2 - (6 - 3))*-14. Suppose u*x - i = -2*m, 3*m + 11 = 5*x - 8. List the prime factors of x.
5
Suppose 3*p + q - 6 = 0, -2*q = 2*q. Suppose -4 = p*z, -3*z = -3*d + 8*d - 129. List the prime factors of d.
3
Let n(t) = t**3 - 3*t**2. Let b be n(3). Let y(d) = -d. Let o(k) = -4*k + 5. Let j(z) = o(z) - 5*y(z). What are the prime factors of j(b)?
5
Suppose -x - 4*r + 32 = -10, 4*r + 34 = x. List the prime factors of x.
2, 19
Let f(d) = 4*d - 2. Let k(i) = -2*i + 1. Let l(j) = -6*f(j) - 14*k(j). Suppose -5*u - q + 10 = 0, 2*u + 2*q - 6 = -u. List the prime factors of l(u).
2, 3
Suppose -3*h = -0*h - 6. Let i(g) = g**2 + 7*g - 6. Let j be i(-8). Suppose -h*a = -b + j, -3*b = -0*a - a - 31. What are the prime factors of b?
2, 3
Let i be 17/(-2)*(1 - 3). Let c be i/(-4) + 1/4. List the prime factors of 1/c + 225/20.
11
Suppose -y + 0*h + 27 = h, 5*h = -3*y + 81. List the prime factors of y.
3
Suppose -3*i = -7*i. Suppose p - 17 = -i. List the prime factors of p.
17
Let f(s) = -s + 10. What are the prime factors of f(6)?
2
Let y be (6 - -3)/((-6)/4). Let f(s) be the first derivative of s**4/4 + 7*s**3/3 + 5*s**2/2 - 3*s - 1. What are the prime factors of f(y)?
3
Let u(v) = -3*v - 5. Let d be u(-4). List the prime factors of d + (1 - 1) + 1.
2
Suppose -2*w = -2*h + 50, h + 3*h - 2*w - 106 = 0. Suppose -x = -4*i - 0*x + 34, 4*i + 2*x = h. What are the prime factors of i?
2
Suppose -2*t - 56 = -3*r - 0*r, 0 = 3*r - 3*t - 60. What are the prime factors of (-4)/2*(-184)/r?
23
Let j = -10 + 15. Suppose j*v + 4 = 19. Suppose -v*a + 3 = -5*y - 30, 0 = 5*a - 5*y - 45. List the prime factors of a.
2, 3
Suppose -298 = -7*s + 227. What are the prime factors of s?
3, 5
Suppose 4*r - 5*p - 43 = 0, -3*p + 2*p = -r + 12. Suppose -2*k = -r - 47. List the prime factors of k.
2
Let m(f) = 13*f**2 + f - 26. Let n(i) = -7*i**2 + 13. Let p(o) = 6*m(o) + 11*n(o). Let r be p(-9). Let a = -3 + r. What are the prime factors of a?
11
What are the prime factors of 24/(-6)*(2/4 - 1)?
2
Let p(s) = -s**2 + 8*s + 10. What are the prime factors of p(8)?
2, 5
Suppose -5*h - 4*z = -351, -3*h + 4*z - 37 = -222. What are the prime factors of h?
67
Let x = -7 - -12. Let g = 3 + x. What are the prime factors of g?
2
Let n be (-20)/(-6) - (-28)/42. Let s(g) = 1 + 4*g - g**2 + 3 + 1. List the prime factors of s(n).
5
List the prime factors of 2/20*-6 + 1076/10.
107
Suppose j = -j - 4*g + 36, 4*j = -3*g + 67. What are the prime factors of j?
2
Suppose 4*v + 60 = 9*v. Suppose 10*t + 78 = v*t. What are the prime factors of t?
3, 13
List the prime factors of (-177)/(-6) - (-1)/2.
2, 3, 5
Suppose -11 = -3*z + 13. Suppose -5*w - z = -3*w, -3*s - 7 = -5*w. Let f = -6 - s. What are the prime factors of f?
3
Let y(g) be the third derivative of 2*g**2 + 0 + 0*g**3 + 0*g**4 + 0*g + 1/5*g**5. List the prime factors of y(1).
2, 3
Suppose 107*g - 104*g = 147. List the prime factors of g.
7
Let a = 33 + -6. Let p = a + 12. List the prime factors of p.
3, 13
Let k = 50 - 27. What are the prime factors of k?
23
Let n(t) = 6*t**2 - 2*t - 3. Let h(f) = -f**2 + f + 1. Let k(l) = 5*h(l) + n(l). Let c be ((-5)/4)/(1/4). What are the prime factors of k(c)?
2, 3
Suppose 0 = -y + 2*m + 31, 6 + 72 = 3*y - m. Let v = 36 - y. What are the prime factors of v?
11
Let w = 51 - 12. What are the prime factors of w?
3, 13
Suppose 4*u + 5*k = -56 + 447, -3*u - k + 296 = 0. List the prime factors of u.
3, 11
What are the prime factors of 4/22 - 1180/(-44)?
3
Suppose -7*u + 3 = -4*u. Let n = 1 + u. List the prime factors of n.
2
Let h = -6 + 6. Suppose 0 = 3*v - h*v - 21. What are the prime factors of v?
7
Suppose 4*a - 6*a = 4*t - 22, 4*t - 40 = 4*a. List the prime factors of ((-1)/(-1) - t)*-2.
2, 3
Suppose 4*p - b = 156, 3*b + 0*b = -3*p + 102. What are the prime factors of p?
2, 19
Let x = 15 - 10. What are the prime factors of (-3*x)/((-3)/4)?
2, 5
Let y(o) = -4*o - 3*o + 4*o + 2. List the prime factors of y(-6).
2, 5
Let t = -12 + 41. What are the prime factors of t?
29
Let n = 29 + -13. List the prime factors of n.
2
Let r(t) = -t - 3*t - 2 + 3*t**2 + 4. List the prime factors of r(2).
2, 3
What are the prime factors of ((-27)/3 - 0)*-20?
2, 3, 5
Let g be 5/(0 + 1) - 3. Suppose 3*n = l + 7, g = -l + 4*n - 8. Suppose -2*s + 27 = z + 8, 2*s - 16 = l*z. List the prime factors of s.
3
List the prime factors of 3/(-3) - -3*22.
5, 13
Let i = 8 + -6. Let l(y) = 7*y**i - 6*y**2 + y - 1 + 2 + y. List the prime factors of l(-4).
3
Let j be 2/(-8) - 57/12. Let q(y) = -y + 5. List the prime factors of q(j).
2, 5
Let p = 35 - 7. Suppose 2*v - p = -6. List the prime factors of v.
11
Suppose -4*b + 24 = 8. Suppose 15 = -b*m + 43. List the prime factors of m.
7
Let i(o) = 2*o**3 - 9*o**2 + 13*o - 8. What are the prime factors of i(5)?
2, 41
Let s(u) = -9 + 0 - 4*u**2 + 5*u**2 + 0*u + 9*u. What are the prime factors of s(-11)?
13
Let g(h) = 2*h + 2. Let d be g(-5). Let t(o) = -2*o + 9. List the prime factors of t(d).
5
Let z = -162 + 173. List the prime factors of z.
11
Let z(u) = -2*u - 4. List the prime factors of z(-13).
2, 11
Let r(h) = 6*h + 1 + 6*h + 5*h. What are the prime factors of r(1)?
2, 3
Suppose 0 = -r - 2*r + 84. List the prime factors of r.
2, 7
Let d be (8/10)/(7/70). Suppose 12*a - 48 = d*a. What are the prime factors of a?
2, 3
Suppose -4*w - 27 = 169. Le